(7). Suppose -6*z + b = 3*z. What is the tens digit of z?
4
Suppose -4*l + 4*f + 540 = 0, 2*f - 3*f + 555 = 4*l. What is the tens digit of l?
3
Suppose -4*f - 467 = 5*q, 3*f + 97 = -q + 4*f. Let u = -53 - q. What is the tens digit of u?
4
Let c(y) = 11*y**2 - 2*y + 1. Let j(a) = a**2. Let q = 4 + -3. Let o(t) = q*c(t) + 3*j(t). What is the tens digit of o(1)?
1
Suppose 2*v = -5*j + 4, -2*j - 6*v = -2*v + 8. Suppose 0 = j*z - 4*z + 6. What is the tens digit of 17 - z/(-6)*-8?
1
Suppose -p + 4 = 0, 3*h = -11*p + 10*p + 4054. What is the hundreds digit of h?
3
Suppose -3*z = h - 33, 4*z = 2*h - h - 47. What is the units digit of h?
9
Let u(f) = f**2 + 12*f + 1. Let y be u(-7). What is the units digit of (-1670)/(-34) - (-4)/y?
9
Let z = -1 - -40. Suppose -c + 5*c = 4*q - 20, -3*q - 2*c + 10 = 0. Suppose -q*w = -53 - z. What is the units digit of w?
3
Suppose 1 = -2*o + 13. Suppose -o*s + 30 = -s. Let k = 13 - s. What is the units digit of k?
7
Let y be 67/4 - 60/80. What is the units digit of 6 + y/(-2) + 8/1?
6
Let y = 893 - 620. Suppose 0 = -2*d + 4*w + 114, 8*d - y = 3*d - 2*w. What is the tens digit of d?
5
Let a = 222 + -40. What is the hundreds digit of a?
1
Let z = -79 + 83. Let l(q) = 80*q - 19. What is the tens digit of l(z)?
0
Suppose -m + 1425 = 5*f - 6*m, 2*m - 830 = -3*f. What is the hundreds digit of (4 + f/5)*(-21)/(-9)?
1
Suppose -6*f = -54 - 54. What is the units digit of 194/22 + f/99?
9
Let h(i) = 41*i + 2. Let f(w) = -w**3 + 12*w**2 + 13*w + 2. Let z be f(13). What is the units digit of h(z)?
4
Let m = 19 + -15. Let b = 58 - m. What is the tens digit of b?
5
Suppose 6542 = 4*q + m, -1101 = -q + 5*m + 524. What is the units digit of q?
5
Let r be (-2)/(-6) + (-70)/(-15). Suppose -r*f + 15 = -0*f. Suppose -f*v = -4*v + 9. What is the units digit of v?
9
Suppose 5*l - 3*l = 80. Let x = -21 + l. What is the tens digit of x?
1
Suppose 2*d - 140 = 5*w, -44 = -d + w - 5*w. Let n = 105 - 101. Suppose d = n*p - 4. What is the tens digit of p?
1
Suppose 3 = b + 3. Suppose c - 3*c + 3*i + 231 = b, -c - 3*i + 111 = 0. What is the tens digit of c?
1
Let z(p) = p + 2. Let u be z(-1). Let w(d) = 3*d**3 + d - 1. Let a be w(u). Suppose 4*h + 16 = 0, a*n = -2*h + 24 + 46. What is the units digit of n?
6
Let q = 40 + -19. Suppose 0*d - 100 = 5*d. Let u = q + d. What is the units digit of u?
1
Let t(c) = -c**3 + 22*c**2 + 11*c - 39. What is the thousands digit of t(16)?
1
Let z(w) = -3*w + 6. Let l be z(4). Let h be (l/4)/((-6)/4). What is the units digit of (-9 - -10)/(h/23)?
3
What is the hundreds digit of (4053/(-4))/(24/(-64))?
7
Let u = 20 - 3. Let b(r) = -u - r + 0*r + 7 + 7. What is the units digit of b(-6)?
3
Suppose -7*u - 119 = -959. What is the tens digit of u?
2
Let s(l) = -1 + 9*l**2 - 2*l - 4*l**2 + l**2. Let h be s(3). Let d = h - 19. What is the tens digit of d?
2
Let u = 218 + -309. Let p = 161 + u. Suppose -c = -2*s - 2*c + p, 4*s - 144 = -4*c. What is the units digit of s?
4
Suppose 0 = -5*d + 976 + 3509. What is the hundreds digit of d?
8
What is the units digit of (-16)/12*5115/(-22)?
0
Let w(l) = -l**3 - 8*l**2 - 5*l - 7. Let m = 8 - 15. Let n be w(m). What is the units digit of (-9)/n - 242/(-7)?
5
Let f(t) = t**3 + 4*t**2 - 5*t + 3. Let v be f(-5). Let j = v + -5. What is the units digit of (7/2 + j)*2?
3
Let o = 2 + -1. Let k be o/((-3)/((-30)/2)). Let b(x) = x**2 - x + 4. What is the tens digit of b(k)?
2
Let l = -1077 - -1269. What is the tens digit of l?
9
Suppose 17*w - 218 = 122. What is the tens digit of w?
2
Let i be ((-12)/(-4))/((-3)/(-4)). Suppose -12 = -2*m - 5*y, -y = -i*y + 6. Suppose -15 = -4*t + m. What is the units digit of t?
4
Suppose 0 = -j + 4*i + 1958 + 221, -4*i + 8816 = 4*j. What is the tens digit of j?
9
Let t(a) = -a**2 - a + 1. Let u be t(-2). What is the tens digit of (6/u)/(3/(-38))?
7
Let c(u) = 40*u - 2. Suppose -2*q + 0 + 2 = 0. What is the tens digit of c(q)?
3
Let a be (8/14)/((-3)/(-21)). Suppose a*w + 47 = 5*w. What is the tens digit of w?
4
Let g be (-574)/(-9) + (-10)/(-45). Suppose -3*n + 4*n - 67 = 5*v, -n + 4*v + g = 0. Suppose 3*a - n = 5*i, -3*i = 2*i + 25. What is the units digit of a?
9
Let v = 1818 + -666. What is the thousands digit of v?
1
Let m(v) = 7*v**2 - 7*v - 8. Let u be m(-4). Suppose -2*y + 6*c = 2*c - u, -c - 4 = 0. What is the tens digit of y?
5
Let m(p) = -1. Let o(n) = 15*n - 1. Let x(j) = -2*m(j) - o(j). Let u be x(-1). What is the tens digit of (-182)/(-9) - u/81?
2
Let n(l) = -62*l**2 + 3*l + 5. Let k be n(-5). What is the tens digit of k/(-21) - (-2)/(-7)?
7
Suppose -12*n = -7*n + 150. Let j = -27 - n. Suppose -j*s + 19 = -2. What is the units digit of s?
7
Let n = -182 + 423. What is the hundreds digit of n?
2
Let g = 13 - 10. Suppose 0*r + 11 = h + 5*r, -g*h - 2*r = 6. What is the units digit of (-7)/((-14)/h) - -3?
1
Let u(c) = c**2 + 62. What is the units digit of u(-14)?
8
Let b(v) = 10*v**2 + 5*v + 7. Let q(j) = -j**3 + 1. Let w(c) = b(c) - 2*q(c). What is the tens digit of w(-4)?
1
Let m be (6 + 175/(-5))*(1 - 0). Let f = -24 - m. What is the units digit of f?
5
Let a(l) = -74*l + 440. What is the units digit of a(-18)?
2
Suppose -2*g + 5*v = -18, 0*g = -2*g + 4*v + 16. What is the tens digit of g + 34 + 0 + 4?
4
Let g(s) = 2*s**2 + 6*s - 3. Suppose 4*r = -v - 18, 0*v + 5*v - 5*r = -15. Let u be g(v). Suppose -u - 59 = -4*i. What is the units digit of i?
3
Let u be (-1)/((-3)/3)*9. Let g be u/6*8/3. Suppose 0*o + 3*o = -3*n + 21, -g*o = -n - 8. What is the units digit of n?
4
Let k(b) = 3*b + 11. Let q be ((-72)/(-32))/(6/16). What is the tens digit of k(q)?
2
Suppose 2*b - 5*t = 478, 4*b - 1193 + 227 = 5*t. What is the hundreds digit of b?
2
Let t(p) = -2095*p**2 + 0*p + 2097*p**2 + 12*p - 28. What is the tens digit of t(-15)?
4
Suppose 47*h = 41*h + 3462. What is the hundreds digit of h?
5
Suppose -1318 = -s - 2*s - k, -5*s + 2200 = k. What is the tens digit of s?
4
Suppose -5*s + 2*p - 2 = 0, 3*p + 2*p - 5 = -4*s. Suppose -3*f = -15, j + 3*f - 74 + 17 = s. Let d = j + 11. What is the tens digit of d?
5
Let v = 23 + -26. Let m be 6/(-14) - v/7. Suppose 4*x - 223 - 21 = m. What is the units digit of x?
1
Let c = 0 - -19. Suppose 0 = -v + 3*b + c, -v + 5*b + 0 + 29 = 0. What is the units digit of v?
4
Let u = -89 - -201. What is the hundreds digit of u?
1
Suppose 4*a - g - 1417 = a, -4*g = 5*a - 2339. What is the units digit of a?
1
Let i(r) = -2*r**3 - r**2 + 1. Let n be i(-2). Let m = 4 - n. What is the units digit of 396/15 + m/(-15)?
7
Let p(s) = 5*s**2 - 7*s + 2. Let b be p(5). Let d = 65 - 115. Let t = b + d. What is the units digit of t?
2
Suppose 0 = 2*l - 5*y - 282, 3*l - 409 = 16*y - 12*y. What is the tens digit of l?
3
Let w(u) = u**3 + 26*u**2 - 57*u - 1. Let b = -172 + 144. What is the units digit of w(b)?
7
Let x be 10/(-45) + 2/9. Suppose -28 = -z - 5*k - 8, x = 3*z - 4*k + 16. Suppose z*s + 16 = s. What is the units digit of s?
6
Suppose -n - 4 - 22 = -3*c, 0 = 5*n + 10. Suppose 4*j = -3*k + 87, k - 18 = 3*j - c*j. What is the tens digit of k?
3
Suppose -5*y - 2*c = -9790, -6*y - 3*c + 5874 = -3*y. What is the hundreds digit of y?
9
Let g(s) = 9*s + 5. Let p be g(10). Suppose p = 6*x - 79. Suppose 2*r - 87 = -x. What is the units digit of r?
9
Let o(a) = 6*a**2 - 55*a - 106. Let l(k) = -k**2 + 11*k + 21. Let n(h) = -11*l(h) - 2*o(h). What is the units digit of n(-7)?
9
What is the units digit of (-6 - -12)/(2/123)?
9
Suppose 0 = -i - 4*w + 1694, 0 = 75*w - 76*w + 5. What is the units digit of i?
4
Suppose 4*y = -3*h + 529 - 209, -4*h = -3*y - 435. Suppose 3*p + h = m, -p = -3*m + 291 + 1. What is the units digit of m?
6
Suppose 0*j = -4*j - 2*y - 502, 2*j = -4*y - 236. Let s = -67 - j. What is the tens digit of s?
6
Let d(q) = -3*q. Let m be d(-1). Suppose -m*s + 180 = s. What is the units digit of s?
5
Let x(h) = -7*h + h**2 - 5 - h - 1. Let j = -84 + 95. What is the tens digit of x(j)?
2
Let t be (-6)/15 - 135/(-25). Suppose 5*k - 106 - 204 = -t*h, k = 4*h + 77. What is the tens digit of k?
6
Let a = 625 - 104. What is the hundreds digit of a?
5
Let f = -186 - -1026. Suppose -280 = 8*k - f. Suppose 36 = 2*x - k. What is the tens digit of x?
5
Suppose 3*r = 3 + 9. What is the tens digit of 3/(((-16)/(-108))/r)?
8
Let o(y) = y**3 - 